mainder when t(g) is divided by x.
8
Let x = -80 - -85. Let j = 18 - 14. Suppose 5*o - 2*l - l - 4 = 0, x*l = 3*o + j. Calculate the remainder when 2 is divided by o.
0
Let k be ((-4)/(-24))/(2/(-6))*0. Suppose v = -2*w - 0 + 7, k = -5*w - v + 16. What is the remainder when 16 is divided by w?
1
Let s(b) = 24*b**2 - 20*b + 38. Let i(q) = 11*q**2 - 10*q + 18. Let l(m) = 13*i(m) - 6*s(m). What is the remainder when 123 is divided by l(0)?
3
Let x(z) = 2*z**2 + 6*z - 21. Let u be x(6). Suppose -10*q + u = -113. What is the remainder when q is divided by 5?
0
Let y = -28 - -28. Suppose 3*x + 85 + 86 = y. Let u = -34 - x. Calculate the remainder when u is divided by 7.
2
Suppose 18*w + 73 = 739. Let a(r) = r**3 - r**2 + r + 23. Calculate the remainder when w is divided by a(0).
14
Let f be (-3)/12*-4*0. Suppose f*j - j + 10 = 0. Calculate the remainder when 396/j - (-6)/60*4 is divided by 23.
17
Suppose 2*o = -u + 309, 23*u - 2 = 25*u. Calculate the remainder when o is divided by 27.
20
Suppose -4*q + 272 = 4*s, 26*q + 239 = 3*s + 24*q. Calculate the remainder when 2411 is divided by s.
11
Let q = 600 + -289. Suppose -k + q = 292. What is the remainder when k is divided by 7?
5
Let l = -13 + 54. Let g = -11428 - -11460. What is the remainder when l is divided by g?
9
Suppose 0 = -0*y + 2*y - 486. Calculate the remainder when y is divided by (-57)/(-6)*3430/665.
47
Let l(z) = -2*z - 40 - 39 + z**2 + 86. Calculate the remainder when 72 is divided by l(4).
12
Let f = -18082 - -18324. What is the remainder when 748 is divided by f?
22
Let f = 42632 - 42625. Calculate the remainder when (1*2 - 1)*53 is divided by f.
4
Suppose 197528 = 121*l + 49392 - 198166. Calculate the remainder when l is divided by 359.
349
Let w = -63 + 47. Let c be (20/w)/(2/(-8)). Suppose 5*h - 3*z = 10*h - 88, h - 12 = c*z. What is the remainder when h is divided by 6?
5
Let p = -4187 + 4620. Calculate the remainder when p is divided by 15.
13
Suppose -2*a = -31 + 595. Let j = -263 - a. Suppose 4*g = -11 + 143. What is the remainder when g is divided by j?
14
Let n = 1960 - 1235. Suppose 8*u - n = -85. Suppose -19*z + 15*z + u = 0. What is the remainder when z is divided by 11?
9
Suppose -4*r + 2*r + 40 = 2*j, -2*j + 38 = 4*r. Calculate the remainder when j is divided by 2 - ((-6 - 11) + 5).
7
Let x(v) = -v**3 + 12*v**2 + 35*v - 29. Let a be x(14). Suppose -5*s - 163 = -4*n, 2*n - 4*s - a = s. What is the remainder when 150 is divided by n?
9
Let z(m) = -3*m - 15. Let c be z(-15). Suppose -5*r - p + c = 0, 2*r = -p + 3 + 12. Calculate the remainder when 16 is divided by r.
1
Let p(t) = t**3 + 25*t**2 + 34*t + 511. Calculate the remainder when p(-23) is divided by 114.
103
Let t(d) = 30*d + 5. Suppose 10*x = 9*x - 2. Let s be t(x). What is the remainder when 23 is divided by 5/(-2)*11/(s/12)?
5
Suppose 11160 = 227*i - 451*i + 239*i. Calculate the remainder when i is divided by 95.
79
Suppose -4*n - 4*r + 832 = 0, 2*r + 8 - 10 = 0. Calculate the remainder when n is divided by 28.
11
Suppose 9 + 11 = -4*t. Let h(k) = 3*k + 5. Let s be h(t). What is the remainder when (35/s)/((-3)/36) is divided by 15?
12
Let s be 2/8 - ((-1842)/24 + -1). Suppose 74 = -4*x + s. What is the remainder when -2 + 0 + 14/x is divided by 4?
0
Let w(h) = -268*h + 865. Calculate the remainder when 216 is divided by w(3).
33
Let q = 452 - 101. Suppose -9*c = -1170 + q. What is the remainder when c is divided by 27?
10
Suppose -2*t = z - 3278, 216 = t - z - 1435. What is the remainder when t is divided by 25?
18
Let v = -272 - -133. Let y = v - -166. Calculate the remainder when 132 is divided by y.
24
Let b = -27 + 49. Suppose 12*n = 65 + 31. Suppose v - 4*c = 45 + n, 4*v + 4*c = 272. Calculate the remainder when v is divided by b.
21
Let n(o) = -31*o - 28. Let k(f) be the second derivative of -f**5/20 + f**4 - f**3 + 5*f**2 - 9*f. What is the remainder when k(11) is divided by n(-2)?
31
Let t be ((-132873)/(-26))/(1/2). What is the remainder when t/45 + 20/(-150) is divided by 46?
43
What is the remainder when (93/(-12)*-2)/(5/50) is divided by 153?
2
Let q(p) = 8*p - 17. Let r be 0/(-6) - (0 - (0 - -21)). Suppose 5*d = r + 149. Calculate the remainder when q(10) is divided by d.
29
Suppose -4*p + 16 = 0, -p - 9 + 27 = -y. Let l = y + 39. Suppose 184*v - 5975 = 118*v + 493. What is the remainder when v is divided by l?
23
Suppose -12933 = 32*y + 4059. Let u = 553 + y. Calculate the remainder when 194 is divided by u.
18
Let p = -41 + 43. Let o(z) = -239*z + 237*z + 3*z**p + 3 + 1 - z**3. What is the remainder when o(2) is divided by 3?
1
Let k(x) = x**3 + 28*x**2 + 15*x - 136. Suppose 4*t - 379 = 9. What is the remainder when k(-27) is divided by t?
91
Suppose -66*y = -85*y - 7106. Let p = -364 - y. Suppose 0 = 4*a - 31 - 237. Calculate the remainder when a is divided by p.
7
Suppose 0 = -9*w + 13*w + 372. Let f = -79 - w. Suppose l + 3*u = -14 + 37, -5*u = -l + 31. Calculate the remainder when l is divided by f.
12
Let c(w) = 602*w + 528. Calculate the remainder when c(4) is divided by 105.
101
Let x = -5139 + 5176. What is the remainder when 847 is divided by x?
33
Let p = 171 + -73. Let y(b) = 2*b**3 + 9*b**2 - 242*b + 1804. Calculate the remainder when y(8) is divided by p.
96
Let q = -188 + -37. Let b = q + 314. What is the remainder when b is divided by 15?
14
Let i(n) = n**3 - 8*n**2 + 31*n - 66. Calculate the remainder when 418 is divided by i(7).
10
Let u = 102 - 100. Suppose -2*x - 4*c = -72, 5*x - 3*x - 54 = u*c. What is the remainder when 115 is divided by x?
25
Let o = 31 - -34. Let m be (-1 - -3)*o/26. Suppose l = -l + 3*w + 22, -5*w = m*l - 30. Calculate the remainder when 30 is divided by l.
6
Let g = 7944 + -6310. Calculate the remainder when g is divided by 542.
8
Let t(j) = -j**3 - 8*j**2 - 4*j - 27. Let q = 23 - -7. What is the remainder when (2*6/4)/(5/q) is divided by t(-8)?
3
Let w be 2*(-2)/14*(1 - 15). Suppose 10 = -5*q - 5*h, h + 1 = -w*q - 1. Suppose -10*l + 771 + 169 = q. Calculate the remainder when l is divided by 19.
18
Suppose 50 = 4*p - g, 49*p - 3*g + 4 = 51*p. What is the remainder when 663 is divided by p?
3
Let q = 1418 - 1403. Let h = 132 + 572. Calculate the remainder when h is divided by q.
14
What is the remainder when (-35808)/(-81) - (-114)/(-1539) is divided by 216?
10
Suppose 251*u + 6842 = 262*u. Calculate the remainder when u is divided by 51.
10
Suppose 0 = -2*t + 5*t - 36. Suppose 436 = 138*m - 90*m - 572. What is the remainder when m is divided by t?
9
Let x(z) = 176*z**2 + 2*z - 1. Let j be x(1). Let l = j - 21. Let m = 2764 - 2732. What is the remainder when l is divided by m?
28
Let w = -184 - -147. Calculate the remainder when 7 is divided by (-1)/(6/(w - -1)).
1
Let u(j) = 18*j + 3. Let k(c) = c**3 + 21*c**2 + 3*c + 78. Let d be k(-21). Suppose -d*z = -32 - 148. What is the remainder when u(3) is divided by z?
9
Suppose u - 6*g - 1914 = -g, u + 2*g = 1949. Suppose -16*z + 3677 + u = 0. What is the remainder when z is divided by 59?
56
Suppose 3*n - w - 315 = -n, n + 4*w - 100 = 0. Suppose -5*o - 20 = 0, -2*s - o = 4*o - n. What is the remainder when s is divided by (28/5)/(14/35)?
8
Let y(s) = 4*s**3 - 3*s**2 + s. Calculate the remainder when y(2) is divided by 17 - (1020/30 + -27).
2
Let t = 5725 + -5458. Calculate the remainder when t is divided by 236.
31
Let o(w) = 4*w**2 - 7*w + 9. Let s be o(2). What is the remainder when (s + 10)/(-1 + 2) is divided by 6?
3
Let g be 10/(-3)*(-21)/14. Suppose -g = -2*q - b, b + 0 = -5. What is the remainder when 23 is divided by q?
3
Let l be -1 + (33/(-6))/(2/(-4)). Suppose 0*w = -o - 5*w + l, 5*w + 80 = 2*o. Let k = 61 - o. Calculate the remainder when 91 is divided by k.
29
Suppose 1667*c + 3990 = 1674*c. Calculate the remainder when 1147 is divided by c.
7
Let j = -13756 - -13943. Calculate the remainder when 1694 is divided by j.
11
Let u = -15 - -19. Suppose 0 = u*t + 4*c + 4, -t + 0*t + 5*c - 31 = 0. Calculate the remainder when 43 is divided by 163/7 - 0 - t/(-21).
20
Let g(w) = 392*w - 92. Calculate the remainder when g(2) is divided by 61.
21
Let g = -43 + 47. Let y(w) = 6*w**3 + 5*w**2 - 2*w + 3. What is the remainder when y(g) is divided by 33?
30
Let l(r) = -26*r - 87. Let b be l(-8). Suppose i +